 - 3*x**2 + 2*x**3 + x**2 + 3*x + 6. Let n(v) = 4*l(v) + 7*q(v). Give n(-6).
-8
Let t(m) = m**3 + 4*m**2 - 2*m - 5. Suppose 4 = 2*o + 12. Give t(o).
3
Let q(h) = -6*h - 5. Let i be q(-2). Let z(j) = -j**3 + 8*j**2 - 5*j - 8. What is z(i)?
6
Suppose 2*y = -o + 5, -3*y - o + 0*o = -6. Let b(u) = u + 2 + 1 - y - 3. Give b(-1).
-2
Let h(s) = 2*s + 20. Let y be h(-9). Let i(m) = -6 + m + 1 - m**y + 0*m**2. Give i(0).
-5
Suppose -k + 4*i = 3*i - 4, 0 = -5*i - 10. Let t(v) = -v**3 + 4*v**2 - 4*v + 3. Determine t(k).
3
Let f be 6/(-1 - -2) + 1. Let o(i) = -f + 70*i - 2*i**2 + 3*i**2 - 64*i. Give o(-5).
-12
Let l be 2/6 + 1/(-3). Let y(f) = -13*f**2 - 2*f + 13. Let w(n) = -7*n**2 - n + 7. Let z(p) = -11*w(p) + 6*y(p). Give z(l).
1
Let d(m) = -m**3 - 5*m**2 - 4*m + 2. Let w be -46*(0 - 1) - 2. Suppose -f + 4 = -2*z - 2, -4*f + 3*z = -w. Suppose 6 + f = -5*u. Calculate d(u).
2
Suppose i - 5 = -4*i. Let h(j) = -3*j**3 - j**2 - j + 1. Determine h(i).
-4
Let w(r) = r + 8. Let q = -1 + 1. Give w(q).
8
Let s = 46 + -22. Let u(y) = 1 + s*y - 23*y + 1. Calculate u(-2).
0
Let u(s) = -s**2 - 8*s - 1. Suppose -2*z = -5*o - 12, -2*z + 3*o + 8 = 4. Give u(z).
15
Suppose 0*o + o = -2*x + 3, -20 = -3*o + 5*x. Let u = o - 5. Let p(c) = -c + 0*c + u*c + 0*c + 1. Give p(-2).
3
Suppose -2*w + 5 = -w - 4*a, 5 = w - 2*a. Let s(k) = 1. Suppose -b - 7 + 1 = 4*y, -5*y = 0. Let q(x) = -x**2 + 5*x - 12. Let z(f) = b*s(f) - q(f). What is z(w)?
6
Let y(j) = -2*j**3 - 5*j**2 + j. Let a(f) = 5*f**3 + 15*f**2 - 4*f - 1. Let r(s) = -3*a(s) - 8*y(s). Give r(4).
3
Let i(x) = -2*x - 15. Let y be i(-5). Let d(n) = -2*n**2 - 5*n - 5. Let w(c) = 3*c**2 + 8*c + 7. Let z(r) = -7*d(r) - 5*w(r). What is z(y)?
0
Let g(b) = -b**2 - b + 6. Let m(v) = v**3 + 4*v**2 + 5. Let q be m(-4). Suppose 0*o = q*o. Suppose -2*h + 3 - 5 = 4*s, o = s - 4*h - 4. Determine g(s).
6
Let h(g) = g - 11. Let r be h(12). Suppose -24 = -5*n + r. Suppose -2*z = -3 + n. Let j(i) = -4*i**2. Give j(z).
-4
Let n(u) = 3*u - 6. Let b = 2 - -1. Let r(f) = f + 5. Let y be r(-4). Let x = y + b. Give n(x).
6
Suppose -w = 2*l - 11, 3*l - 4*w = -0*w. Let c(d) = 2*d + 2. Calculate c(l).
10
Let a(n) = -n. Let j(w) = -2*w + 7. Let i be j(0). Suppose 0 = 2*f - i*f + 25. Calculate a(f).
-5
Let d(k) = 9 + 3*k - 5*k - 10. Let x = -1 + 4. Determine d(x).
-7
Let v(f) = -f + 1. Let w = 9 + -4. Let n be v(w). Let k(q) = -q**3 - 5*q**2 - 3*q + 3. Determine k(n).
-1
Let v(s) be the first derivative of -5*s**2 - 1/6*s**3 + s - 2. Let u(o) be the first derivative of v(o). Give u(-5).
-5
Let b = 12 - -1. Let u = b + -12. Let t(x) be the third derivative of -x**4/4 - x**2. What is t(u)?
-6
Let a(s) = -3*s**2 + 3*s - 2. Let c(f) = -f**3 + 4*f**2 + 2. Let l(b) = -5*b**3 + 20*b**2 + 10. Let m(r) = 11*c(r) - 2*l(r). Let q be m(4). What is a(q)?
-8
Let s(h) = -5*h - 5. Let f(y) = 14*y + 15. Let d(z) = -4*f(z) - 11*s(z). Determine d(-10).
5
Suppose 0 = 3*x + 3*r + 6, -5*x + 3*r + 14 + 16 = 0. Let j(u) = -x + 6*u**2 + 2 - 4*u**2 - u**3. Determine j(-1).
2
Let g(c) = c**2 - 6*c + 1. Let o be (-1)/3 - (-40)/(-6). Let s = o - -21. Suppose -2*l = -4, -3*l - s = -4*n - 0*l. Give g(n).
-4
Let o(s) = -s**2 - 4*s + 5. Let m be o(-4). Let l(v) = -v**3 + 7*v**2 - 5*v + 4. Let i be l(6). Let a(p) = 10*p - p**2 - i*p - m - 6*p. What is a(-5)?
0
Let i(l) be the second derivative of -l**5/20 + l**4/3 + l**3/2 - 2*l**2 - 7*l. Suppose -5*k = 4*c - 0*k - 16, -16 = -4*c - k. Give i(c).
8
Suppose -3*u + 2*l = -5, 7*l = -3*u + 4*l + 30. Let h(i) = i**2 + u*i + 16 + 0*i**2 - 13. Determine h(-5).
3
Let f(d) = 3*d + 1. Let h(b) = b**2 + 8*b + 10. Suppose -4*p = -2*c - 25 - 9, 3*c + 36 = 3*p. Let u be h(c). What is f(u)?
10
Let g(h) = -h - 6. Let p be (-4)/(-3)*3*1. Suppose -28 + 112 = 3*j - p*f, f + 51 = 2*j. Suppose 4*d - 4*i + 5*i + 19 = 0, 4*i + j = -3*d. Give g(d).
-2
Let j(k) = 5 - 12 - 2*k - 2 - 3. Calculate j(-9).
6
Let i(x) = 3*x. Let j be -1*2*(-35)/(-14). Give i(j).
-15
Let h(n) be the second derivative of n**3/6 - 3*n**2/2 - n. Give h(4).
1
Let r = 85 + -85. Let y(b) = -b**3 - b**2 + b + 1. Determine y(r).
1
Let l(d) = -d**3 - 5*d**2 + d + 3. Suppose -2*i - 20 = 3*i. Let g = i - 1. What is l(g)?
-2
Let o(n) = n - 10. Suppose -3*r + 11 = -1. Let x be ((-6)/r)/(3/4). Let i be ((0 - -20)/x)/(-2). Determine o(i).
-5
Let o(i) = -i**2 - 7*i - 3. Let j be o(-5). Let w(r) = r**3 - 7*r**2. What is w(j)?
0
Suppose -6 = -m - 5. Let r(s) = -s**2 - s**2 + 0*s**2 - m - 4*s. Calculate r(-3).
-7
Let i(w) be the third derivative of w**4/24 - 2*w**3/3 + 19*w**2. Calculate i(0).
-4
Suppose 0 = m + m - 8. Let s be m/14 - (-10)/(-35). Let t(l) = 2 + 11*l - 8*l + s. Calculate t(-3).
-7
Let d(j) = 3*j - 8*j + j + 0 + 1. Let k be d(-1). Let n(u) = -4 + u + 0 + 1. Determine n(k).
2
Let f(z) = -z - 5. Suppose -15 = -a + 4*a - 3*v, 2*a + 16 = -v. Let c be f(a). Let q(g) = -5*g - g**2 + c*g**2 + 2 + g. Give q(3).
-1
Let h = 49 + -46. Let t(s) be the first derivative of -1/4*s**4 - 2/3*s**h + 2 + 2*s + 3/2*s**2. Give t(-3).
2
Let i = 22 - 20. Let k(w) = 6*w**2 - 14*w**i + 12*w**2 + 1 - w. Calculate k(1).
4
Let b(v) = v**3 + 7*v**2 + 5*v - 1. Suppose 5*r - 12 = -42. Determine b(r).
5
Let p(k) = -2*k**2 + 2*k - 1. Let t be (-9)/2 + (-3)/(-6). Let v = t - -6. Calculate p(v).
-5
Let h(t) = 8*t. Let s(z) = z**2 - 6*z + 2. Let f be s(5). Suppose 4*b - 10 = -b. Let r = f + b. Determine h(r).
-8
Let x(l) = 4*l**3 + 11*l**2 + 5*l + 3. Let m(t) = -3*t**3 - 10*t**2 - 5*t - 3. Let s(n) = 5*m(n) + 4*x(n). Determine s(7).
11
Let t(q) = 3*q - 1. Let i be t(1). Let p(m) be the second derivative of 1/20*m**5 - 3/2*m**i - m + 0 - 1/6*m**3 - 5/12*m**4. Determine p(5).
-8
Let p(u) = -2*u - 5. Let y be p(-3). Let w be 3 - (1/y - -2). Let m(d) = -d**2 - d - 2. Calculate m(w).
-2
Let m = 5 - 2. Let j(x) = 3 + 0 - 1 - 5*x + 0*x + 2*x**2. What is j(m)?
5
Let g(y) be the first derivative of y**5/120 + y**4/24 - y**3/3 + 1. Let b(x) be the third derivative of g(x). Give b(-2).
-1
Let q(u) = 112*u**2 + 113*u**2 - 226*u**2. Let a(s) = s**2 - 4*s. Let y be a(3). Calculate q(y).
-9
Let r(t) = -2*t - 6. Let n be (-4)/(-6) + (-40)/6. Give r(n).
6
Let u be (-42)/(-8) + (3/12)/(-1). Let w(j) = -j**2 + 6*j + 3. Calculate w(u).
8
Let c(x) = -5*x**2 - 8*x + 2. Let f(i) = -i**2 - i. Let y(l) = -c(l) + 6*f(l). Let p(s) be the second derivative of -s**3/6 + s. Let z be p(-2). Give y(z).
-2
Let m(y) = -24*y - 22. Let i(x) = 11*x + 9. Let w(p) = -7*i(p) - 3*m(p). Suppose -4*c - 2 + 7 = -n, 0 = -4*n + c + 10. Give w(n).
-12
Let t(j) be the second derivative of -1/20*j**5 - 2/3*j**3 + 0*j**2 + 0 - j + 1/3*j**4. Let h be 1*3 + (0 - 0). What is t(h)?
-3
Let o(q) = q**2 - 5*q + 0 - 2*q + 6 - 3. Suppose 2*h - 6*h = -20. Give o(h).
-7
Let c(g) = -g. Let h(p) be the third derivative of -p**4/24 + p**3/6 + 6*p**2. Let f(y) = 3*c(y) - h(y). Let u be 1/(2 + (-7)/3). Calculate f(u).
5
Let v(h) = -8 + 19*h**2 + 18 - 9*h - 21*h**2. Calculate v(-7).
-25
Suppose f = 6*f - 35. Suppose -4*i - 1 = f. Let a(k) = 2*k**2 + k**2 + k - 2*k**2 - 2. What is a(i)?
0
Suppose -5 = -3*t - 2. Let q(r) = 3 + 4*r - t + 2*r - 1. Give q(1).
7
Let a(u) be the third derivative of 13*u**5/60 + 17*u**2. Calculate a(1).
13
Let w(b) be the first derivative of 2/3*b**3 + 0*b - 1/360*b**6 - 1/4*b**4 + 0*b**2 + 1/15*b**5 + 2. Let z(r) be the third derivative of w(r). What is z(5)?
9
Let w(s) = -5*s + 6. Let z(d) = -d. Let u(c) = -w(c) + 6*z(c). Let q be (-30)/(-3)*(-18)/15. Let y = -12 - q. Give u(y).
-6
Suppose 3*s = 2*v + 28, -7*s = -2*s - 4*v - 48. Let x(a) = a**2 - 7*a - 10. What is x(s)?
-2
Let f(p) = -10*p - 79. Let x be f(-8). Let s(r) = -r - 1. Determine s(x).
-2
Let c(a) = -5*a + 3. Let v be 1/(-1) + 2 + 0. Let s = 3 - v. Calculate c(s).
-7
Let q(r) = -5 - 3*r**3 + 2*r**3 + 6*r**2 - 3*r + 11. Calculate q(5).
16
Let u(w) be the first derivative of w**3/3 + 3*w**2/2 - 4*w - 79. Let c = -2 + -1. What is u(c)?
-4
Suppose -8*d - 40 = -3*d. Let n(z) = -z**3 - 7*z**2 + 8*z. Let m be n(d). Let b(p) = p + 6. Give b(m).
6
Let h(i) = 2*i. Let s(m) = 5*m - m**3 - 2*m - 4*m**2 + 2*m**2 + m. Let o be s(-3). Let c(y) = -y**3 - 2*y**2 + 2*y + 1. Let k be c(o). Give h(k).
8
Let y be 4/(-10) - (-24)/(-15). Let d be -3*(12/9)/y. Let l(q) = d*q + 2*q - 3*q + q**2 + 3 - 5. Give l(3).
10
L